{"id":81,"date":"2018-08-17T07:22:04","date_gmt":"2018-08-17T07:22:04","guid":{"rendered":"http:\/\/www.agriturismoalmaste.com\/?page_id=81"},"modified":"2025-01-10T17:17:58","modified_gmt":"2025-01-10T17:17:58","slug":"sonia-e-stefano","status":"publish","type":"page","link":"https:\/\/www.agriturismoalmaste.com\/?page_id=81","title":{"rendered":"Sonia e Stefano anima e corpo dell&#8217;agriturismo Al Mast\u00e8"},"content":{"rendered":"<p><strong><span style=\"font-size: 12pt;\">Giovani&#8230; volenterosi&#8230; intraprendenti&#8230; cos\u00ec sono Sonia e Stefano, anima e corpo dell&#8217;Agriturismo Al Mast\u00e8&#8230; Sonia e Stefano una coppia perfetta che vi aspetta Al Mast\u00e9!<\/span><\/strong><\/p>\n<p><img fetchpriority=\"high\" decoding=\"async\" class=\"aligncenter wp-image-457 size-full\" src=\"https:\/\/www.agriturismoalmaste.com\/wp-content\/uploads\/2018\/08\/sonia_stefano_bn.jpg\" alt=\"\" width=\"742\" height=\"598\" srcset=\"https:\/\/www.agriturismoalmaste.com\/wp-content\/uploads\/2018\/08\/sonia_stefano_bn.jpg 742w, https:\/\/www.agriturismoalmaste.com\/wp-content\/uploads\/2018\/08\/sonia_stefano_bn-300x242.jpg 300w\" sizes=\"(max-width: 742px) 100vw, 742px\" \/><\/p>\n<p style=\"text-align: justify;\">Giovani&#8230; volenterosi&#8230; intraprendenti&#8230; cos\u00ec sono <strong>Sonia e Stefano<\/strong>, anima e corpo dell&#8217;Agriturismo <strong>Al Mast\u00e8<\/strong>. <strong>Sonia<\/strong> si occupa della cucina dell&#8217;agriturismo cucinando principalmente i prodotti dell&#8217;azienda agricola e delle aziende agricole delle zona. Da sempre appassionata di cucina \u2013 ma anche di pittura \u2013 dopo aver fatto esperienza nelle cucine di alcuni locali ha deciso di prendersi la responsabilit\u00e0 di una cucina tutta sua.<\/p>\n<p style=\"text-align: justify;\"><strong>Stefano<\/strong>, nato fra i filari dei vigneti dell&#8217;Oltrep\u00f2 Pavese, da sempre nutra un amore per la terra e per il territorio. La sua principale attivit\u00e0 \u00e8 la conduzione dell&#8217;azienda agricola, orientata principalmente alla produzione vitivinicola. <strong>Stefano<\/strong> cura anche la cantina che produce poi i vini che vengono serviti in agriturismo.<\/p>\n<p style=\"text-align: left;\"><span style=\"color: #000000;\"><strong>Sonia e Stefano una coppia perfetta che vi aspetta Al Mast\u00e9!<\/strong><\/span><\/p>\n","protected":false},"excerpt":{"rendered":"<p>Giovani&#8230; volenterosi&#8230; intraprendenti&#8230; cos\u00ec sono Sonia e Stefano, anima e corpo dell&#8217;Agriturismo Al Mast\u00e8&#8230; Sonia e Stefano una coppia perfetta che vi aspetta Al Mast\u00e9! Giovani&#8230; volenterosi&#8230; intraprendenti&#8230; cos\u00ec sono Sonia e Stefano, anima e corpo dell&#8217;Agriturismo Al Mast\u00e8. Sonia si occupa della cucina dell&#8217;agriturismo cucinando principalmente i prodotti dell&#8217;azienda&#8230;<\/p>\n","protected":false},"author":1,"featured_media":0,"parent":0,"menu_order":0,"comment_status":"closed","ping_status":"closed","template":"","meta":{"_exactmetrics_skip_tracking":false,"_exactmetrics_sitenote_active":false,"_exactmetrics_sitenote_note":"","_exactmetrics_sitenote_category":0,"footnotes":""},"class_list":["post-81","page","type-page","status-publish","hentry"],"_links":{"self":[{"href":"https:\/\/www.agriturismoalmaste.com\/index.php?rest_route=\/wp\/v2\/pages\/81","targetHints":{"allow":["GET"]}}],"collection":[{"href":"https:\/\/www.agriturismoalmaste.com\/index.php?rest_route=\/wp\/v2\/pages"}],"about":[{"href":"https:\/\/www.agriturismoalmaste.com\/index.php?rest_route=\/wp\/v2\/types\/page"}],"author":[{"embeddable":true,"href":"https:\/\/www.agriturismoalmaste.com\/index.php?rest_route=\/wp\/v2\/users\/1"}],"replies":[{"embeddable":true,"href":"https:\/\/www.agriturismoalmaste.com\/index.php?rest_route=%2Fwp%2Fv2%2Fcomments&post=81"}],"version-history":[{"count":12,"href":"https:\/\/www.agriturismoalmaste.com\/index.php?rest_route=\/wp\/v2\/pages\/81\/revisions"}],"predecessor-version":[{"id":877,"href":"https:\/\/www.agriturismoalmaste.com\/index.php?rest_route=\/wp\/v2\/pages\/81\/revisions\/877"}],"wp:attachment":[{"href":"https:\/\/www.agriturismoalmaste.com\/index.php?rest_route=%2Fwp%2Fv2%2Fmedia&parent=81"}],"curies":[{"name":"wp","href":"https:\/\/api.w.org\/{rel}","templated":true}]}}

Sonia e Stefano anima e corpo dell&#8217;agriturismo Al Mastè

<p><strong><span style="font-size: 12pt;">Giovani&#8230; volenterosi&#8230; intraprendenti&#8230; così sono Sonia e Stefano, anima e corpo dell&#8217;Agriturismo Al Mastè&#8230; Sonia e Stefano una coppia perfetta che vi aspetta Al Masté!</span></strong></p>
<p><img fetchpriority="high" decoding="async" class="aligncenter wp-image-457 size-full" src="https://www.agriturismoalmaste.com/wp-content/uploads/2018/08/sonia_stefano_bn.jpg" alt="" width="742" height="598" srcset="https://www.agriturismoalmaste.com/wp-content/uploads/2018/08/sonia_stefano_bn.jpg 742w, https://www.agriturismoalmaste.com/wp-content/uploads/2018/08/sonia_stefano_bn-300x242.jpg 300w" sizes="(max-width: 742px) 100vw, 742px" /></p>
<p style="text-align: justify;">Giovani&#8230; volenterosi&#8230; intraprendenti&#8230; così sono <strong>Sonia e Stefano</strong>, anima e corpo dell&#8217;Agriturismo <strong>Al Mastè</strong>. <strong>Sonia</strong> si occupa della cucina dell&#8217;agriturismo cucinando principalmente i prodotti dell&#8217;azienda agricola e delle aziende agricole delle zona. Da sempre appassionata di cucina – ma anche di pittura – dopo aver fatto esperienza nelle cucine di alcuni locali ha deciso di prendersi la responsabilità di una cucina tutta sua.</p>
<p style="text-align: justify;"><strong>Stefano</strong>, nato fra i filari dei vigneti dell&#8217;Oltrepò Pavese, da sempre nutra un amore per la terra e per il territorio. La sua principale attività è la conduzione dell&#8217;azienda agricola, orientata principalmente alla produzione vitivinicola. <strong>Stefano</strong> cura anche la cantina che produce poi i vini che vengono serviti in agriturismo.</p>
<p style="text-align: left;"><span style="color: #000000;"><strong>Sonia e Stefano una coppia perfetta che vi aspetta Al Masté!</strong></span></p>

<p>Giovani&#8230; volenterosi&#8230; intraprendenti&#8230; così sono Sonia e Stefano, anima e corpo dell&#8217;Agriturismo Al Mastè&#8230; Sonia e Stefano una coppia perfetta che vi aspetta Al Masté! Giovani&#8230; volenterosi&#8230; intraprendenti&#8230; così sono Sonia e Stefano, anima e corpo dell&#8217;Agriturismo Al Mastè. Sonia si occupa della cucina dell&#8217;agriturismo cucinando principalmente i prodotti dell&#8217;azienda&#8230;</p>
