{"id":3,"date":"2018-08-14T16:34:59","date_gmt":"2018-08-14T16:34:59","guid":{"rendered":"http:\/\/www.agriturismoalmaste.com\/?page_id=3"},"modified":"2024-07-15T15:12:13","modified_gmt":"2024-07-15T15:12:13","slug":"privacy-policy","status":"publish","type":"page","link":"https:\/\/www.agriturismoalmaste.com\/?page_id=3","title":{"rendered":"Privacy Policy"},"content":{"rendered":"<p style=\"text-align: justify;\"><strong>COOKIE POLICY E INFORMATIVA IN MATERIA DI TRATTAMENTO DATI PERSONALI<\/strong><br \/>\nIn questa pagina si descrivono le modalit\u00e0 di gestione del sito in riferimento al trattamento dei dati personali degli utenti che lo consultano e dei cookies, anche di parti terze. Si tratta di un\u2019informativa che \u00e8 resa ai sensi dell\u2019art.13 del d.lg. n. 196\/2003 \u2013 Codice in materia di protezione dei dati personali e dall\u2019Art. 10 della Direttiva n. 95\/46\/CE, dalla Direttiva 2002\/58\/CE, come aggiornata dalla Direttiva 2009\/136\/CE, dell\u2019articolo 13 del Decreto Legislativo 30 giugno 2003, numero 196, e dal provvedimento generale (doc. web n. 3118884) del Garante per la protezione dei dati personali, pubblicato sulla Gazzetta Ufficiale n. 126 del 3 giugno 2014, registro dei provvedimenti n. 229 dell\u20198 maggio 2014 in materia di Cookie, recante \u201cIndividuazione delle modalit\u00e0 semplificate per l\u2019informativa e l\u2019acquisizione del consenso per l\u2019uso dei cookie\u201d per coloro che interagiscono con i servizi web del sito, accessibili per via telematica a partire dall\u2019indirizzo www.agriturismoalmaste.com.<br \/>\nL\u2019informativa \u00e8 resa solo per il sito di AGRITURISMO AL MASTE \u2013 www.agriturismoalmaste.com \u2013 e non per altri siti web eventualmente consultati dall\u2019utente tramite link. Per maggiori informazioni vi consigliamo di visitare il sito del Garante della Privacy per ulteriori informazioni sui cookie e su come influenzano la tua esperienza di navigazione.<\/p>\n<p style=\"text-align: justify;\"><strong>COOKIES<\/strong><br \/>\nCosa sono i cookies. I cookies sono piccoli files di testo che i siti visitati dall\u2019utente inviano al suo terminale \u2013 computer, laptop, tablet, smartphone, etc. \u2013 dove vengono memorizzati per essere poi ritrasmessi agli stessi siti in occasione della successiva visita del medesimo utente. Navigando su questo sito, potrai ricevere eventualmente, solo cookies inviati direttamente dal nostro sito. Al riguardo, e ai fini del provvedimento oggetto di questo documento, si individuano pertanto due macro-categorie: cookie \u201ctecnici\u201d e cookie \u201cdi profilazione\u201d. Per quanto riguarda i cookies si informa l\u2019utente che in questo sito vengono usati esclusivamente cookies tecnici cosiddetti \u201canalytics\u201d per analizzare statisticamente le visite al sito e cookies tecnici di navigazione o sessione.<\/p>\n<p style=\"text-align: justify;\"><strong>Google Analytics<\/strong><br \/>\nQuesto sito web utilizza Google Analytics, servizio di analisi web fornito da Google Inc. (\u201cGoogle\u201d). Tali servizi utilizza dei \u201ccookies\u201d, che sono file di testo depositati sul vostro computer per consentire al sito web di analizzare come gli utenti utilizzano il sito. Le informazioni generate dal cookie sull\u2019utilizzo del sito web (compreso il Vostro indirizzo IP anonimo) verranno trasmesse e depositate presso i server dei fornitori di terze parti. I Fornitori utilizzeranno queste informazioni allo scopo di esaminare il Vostro utilizzo del sito web, compilare report sulle attivit\u00e0 del sito per gli operatori dello stesso e fornire altri servizi relativi alle attivit\u00e0 del sito web e all\u2019utilizzo di internet. I Fornitori potranno anche trasferire queste informazioni a terzi ove ci\u00f2 sia imposto dalla legge o laddove tali terzi trattino le suddette informazioni per conto dei Fornitori. Potete rifiutarvi di usare i cookies selezionando l\u2019impostazione appropriata sul vostro browser, ma si prega di notare che se si fa questo non si pu\u00f2 essere in grado di utilizzare tutte le funzionalit\u00e0 di questo sito web. Utilizzando il presente sito web, voi acconsentite al trattamento dei Vostri dati da parte dei Fornitori di terze parti per le modalit\u00e0 ed i fini sopraindicati. Clicca per approfondimenti su Google Analytics. Questo sito utilizza in alcune parti del medesimo le mappe di Google Maps. Per informazioni sui cookie di Google Maps clicca qui.Questo sito non usa cookie \u201cdi profilazione\u201d pertanto nessun dato personale degli utenti viene acquisito dal sito. Non viene fatto uso di cookies per la trasmissione di informazioni di carattere personale, n\u00e9 vengono utilizzati c.d.cookies persistenti di alcun tipo, ovvero sistemi per il tracciamento degli utenti. L\u2019uso di c.d. cookies di sessione (che non vengono memorizzati in modo persistente sul computer dell\u2019utente e svaniscono con la chiusura del browser) \u00e8 strettamente limitato alla trasmissione di identificativi di sessione (costituiti da numeri casuali generati dal server) necessari per consentire l\u2019esplorazione sicura ed efficiente del sito. I c.d. cookies di sessione utilizzati in questo sito evitano il ricorso ad altre tecniche informatiche potenzialmente pregiudizievoli per la riservatezza della navigazione degli utenti e non consentono l\u2019acquisizione di dati personali identificativi dell\u2019utente.<\/p>\n<p><strong>ShinyStat<\/strong><\/p>\n<p style=\"text-align: justify;\">La Privacy Policy del contatore ShinyStat non prevede in alcun modo l&#8217;identificazione del visitatore. Il sito www.agriturismoalmaste.com utilizza il sistema di Web Analytics ShinyStat che non memorizza i dati per successive rielaborazioni, ma li elabora in tempo reale producendo output in forma aggregata e totalmente anonima al puro scopo di fornire informazioni quantitative riguardanti le visite e i percorsi dei visitatori attraverso il sito web, nel rispetto delle norme italiane in materia di tutela della Privacy dei navigatori.<br \/>\nQuesti dati vengono trattati secondo l&#8217;informativa sulla Privacy resa dalla Shiny ai sensi dell&#8217;art. 13 D. lgs. n. 196\/03 e disponibile alla seguente pagina:<br \/>\n<a href=\"https:\/\/www.shinystat.com\/it\/informativa_privacy_generale_free.html\" target=\"_blank\" rel=\"noopener\">www.shinystat.com\/it\/informativa_privacy_generale.html<\/a>.<br \/>\nL&#8217;informativa estesa sull&#8217;utilizzo dei cookie \u00e8 consultabile sul sito del gestore di Shinystat al seguenti link:<a href=\"https:\/\/www.shinystat.com\/it\/informativa_cookie_free.html\" target=\"_blank\" rel=\"noopener\">www.shinystat.com\/it\/informativa_cookie_free.html<\/a><br \/>\nQualora il navigatore desideri rendere non rilevabili i dati di navigazione trattati da Shiny nelle modalit\u00e0 sopra esposte, pu\u00f2 effettuare l&#8217;opt-out cliccando sul link di seguito indicato:<br \/>\n<a href=\"http:\/\/www.shinystat.com\/optout\/optout.html\" target=\"_blank\" rel=\"noopener\">http:\/\/www.shinystat.com\/optout\/optout.html<\/a><\/p>\n<p style=\"text-align: justify;\"><strong>ISTRUZIONI DISABILITAZIONE COOKIES DAI BROWSERS.<\/strong><br \/>\nGli utenti che non vogliono lasciare nessuna traccia possono disabilitare l\u2019uso dei cookie tramite le impostazioni del browser che usano per navigare. Questo potrebbe compromettere la navigazione su alcuni siti.<br \/>\nSe si utilizza Internet Explorer<br \/>\nIn Internet Explorer, fare clic su \u201cStrumenti\u201d poi \u201cOpzioni Internet\u201d. Nella scheda Privacy, spostare il cursore verso l\u2019alto per bloccare tutti i cookie o verso il basso per consentire a tutti i cookie, e quindi fare clic su OK.<br \/>\nSe si utilizza il browser Firefox<br \/>\nVai al menu \u201cStrumenti\u201d del browser e selezionare il menu \u201cOpzioni\u201d Fare clic sulla scheda \u201cPrivacy\u201d, deselezionare la casella \u201cAccetta cookie\u201d e fare clic su OK.<br \/>\nSe si utilizza il browser Safari<br \/>\nDal Browser Safari selezionare il menu \u201cModifica\u201d e selezionare \u201cPreferences\u201d. Clicca su \u201cPrivacy\u201d. Posizionare l\u2019impostazione \u201ccookies Block\u201d sempre \u201ce fare clic su OK.<br \/>\nSe si utilizza il browser Google Chrome<br \/>\nFai clic sul menu Chrome nella barra degli strumenti del browser. Selezionare \u201cImpostazioni\u201d. Fare clic su \u201cMostra impostazioni avanzate\u201d. Nella sezione \u201cPrivacy\u201d, fai clic sul pulsante \u201cImpostazioni contenuti\u201d. Nella sezione \u201cCookies\u201d, selezionare \u201cNon consentire ai siti per memorizzare i dati\u201d e di controllo \u201ccookie di blocco e di terze parti i dati sito\u201d, e quindi fare clic su OK.<br \/>\nSe usi un qualsiasi altro browser, cerca nelle Impostazioni del browser la modalit\u00e0 di gestione dei cookies.<\/p>\n<p style=\"text-align: justify;\"><strong>TITOLARE DEL TRATTAMENTO DEI DATI PERSONALI.<\/strong><br \/>\nAi sensi dell\u2019articolo 13 del Codice Privacy, La informiamo che l\u2019impresa titolare del sito Agriturismo Al Mast\u00e8 &#8211; Localit\u00e0 Moirano &#8211; 27040 Mont\u00f9 Beccaria (Pv) &#8211; c.f. VRC SFN 69M07 C2261S &#8211; P.IVA 01753740180 &#8211; REA PV-218441 &#8211; PEC stefano.varcesi@pec.agritel.it \u2013 \u00e8 il titolare del trattamento (di seguito \u201cTitolare\u201d) dei dati. Il trattamento dei dati personali verr\u00e0 effettuato nel rispetto dei requisiti di riservatezza e delle pi\u00f9 idonee misure di sicurezza, come indicate dal Codice Privacy. Per dati personali i dati forniti volontariamente dall\u2019utente con l\u2019invio esplicito e volontario di posta elettronica agli indirizzi indicati su questo sito che comporta la successiva acquisizione dell\u2019indirizzo del mittente, necessario per rispondere alle richieste, nonch\u00e9 degli eventuali altri dati personali inseriti nella missiva. Nella Sua qualit\u00e0 di interessato del trattamento, Le \u00e8 garantito l\u2019esercizio dei diritti di cui all\u2019art. 7 del D.Lgs. 196\/03, tra i quali il diritto di ottenere dal Titolare del trattamento la conferma dell\u2019esistenza dei Suoi dati personali e la loro comunicazione in forma intelligibile, di conoscere le modalit\u00e0 e le logiche del trattamento, di richiedere l\u2019aggiornamento e l\u2019integrazione dei dati stessi, la loro cancellazione o trasformazione in forma anonima, in caso di violazione di legge, nonch\u00e8, di opporsi al loro trattamento. Tali diritti potranno essere esercitati rivolgendosi in qualsiasi momento per iscritto al Titolare del trattamento.<\/p>\n","protected":false},"excerpt":{"rendered":"<p>COOKIE POLICY E INFORMATIVA IN MATERIA DI TRATTAMENTO DATI PERSONALI In questa pagina si descrivono le modalit\u00e0 di gestione del sito in riferimento al trattamento dei dati personali degli utenti che lo consultano e dei cookies, anche di parti terze. Si tratta di un\u2019informativa che \u00e8 resa ai sensi dell\u2019art.13&#8230;<\/p>\n","protected":false},"author":1,"featured_media":0,"parent":0,"menu_order":0,"comment_status":"closed","ping_status":"open","template":"","meta":{"_exactmetrics_skip_tracking":false,"_exactmetrics_sitenote_active":false,"_exactmetrics_sitenote_note":"","_exactmetrics_sitenote_category":0,"footnotes":""},"class_list":["post-3","page","type-page","status-publish","hentry"],"_links":{"self":[{"href":"https:\/\/www.agriturismoalmaste.com\/index.php?rest_route=\/wp\/v2\/pages\/3","targetHints":{"allow":["GET"]}}],"collection":[{"href":"https:\/\/www.agriturismoalmaste.com\/index.php?rest_route=\/wp\/v2\/pages"}],"about":[{"href":"https:\/\/www.agriturismoalmaste.com\/index.php?rest_route=\/wp\/v2\/types\/page"}],"author":[{"embeddable":true,"href":"https:\/\/www.agriturismoalmaste.com\/index.php?rest_route=\/wp\/v2\/users\/1"}],"replies":[{"embeddable":true,"href":"https:\/\/www.agriturismoalmaste.com\/index.php?rest_route=%2Fwp%2Fv2%2Fcomments&post=3"}],"version-history":[{"count":4,"href":"https:\/\/www.agriturismoalmaste.com\/index.php?rest_route=\/wp\/v2\/pages\/3\/revisions"}],"predecessor-version":[{"id":442,"href":"https:\/\/www.agriturismoalmaste.com\/index.php?rest_route=\/wp\/v2\/pages\/3\/revisions\/442"}],"wp:attachment":[{"href":"https:\/\/www.agriturismoalmaste.com\/index.php?rest_route=%2Fwp%2Fv2%2Fmedia&parent=3"}],"curies":[{"name":"wp","href":"https:\/\/api.w.org\/{rel}","templated":true}]}}