{"id":114,"date":"2018-08-17T09:11:43","date_gmt":"2018-08-17T09:11:43","guid":{"rendered":"http:\/\/www.agriturismoalmaste.com\/?page_id=114"},"modified":"2023-03-09T09:19:54","modified_gmt":"2023-03-09T09:19:54","slug":"arrivare-al-maste","status":"publish","type":"page","link":"https:\/\/www.agriturismoalmaste.com\/?page_id=114","title":{"rendered":"Arrivare al Mast\u00e8 &#8211; Frazione Moirano &#8211; Mont\u00f9 Beccaria &#8211; Oltrep\u00f2 Pavese"},"content":{"rendered":"<p style=\"text-align: justify;\">L&#8217;Agriturismo Al Mast\u00e8 \u00e8 posto nella primissima fascia collinare dell&#8217;Oltrep\u00f2 pavese, nella Frazione Moriano di Mont\u00f9 Beccaria, a pochissimi km. dalla S.S. 45 Padana Inferiore. Per chi arriva da Brescia\/Piacenza, Torino e Genova l&#8217;uscita autostradale \u00e8 quella di Broni Stradella e successivamente seguire le indicazione per S. Maria della Versa e poi per Mont\u00f9 Beccaria.<\/p>\n<p style=\"text-align: justify;\"><strong>PRINCIPALI DISTANZE<\/strong>.\u00a0DA MILANO 60 KM. &#8211; DA PAVIA 25 KM &#8211; DA PIACENZA 35 KM. &#8211; DA TORINO 150 KM. &#8211; DA GENOVA 120 KM.<\/p>\n<p><img fetchpriority=\"high\" decoding=\"async\" class=\"alignnone wp-image-365 size-full aligncenter\" src=\"http:\/\/www.agriturismoalmaste.com\/wp-content\/uploads\/2018\/08\/mappa.jpg\" alt=\"\" width=\"1165\" height=\"614\" srcset=\"https:\/\/www.agriturismoalmaste.com\/wp-content\/uploads\/2018\/08\/mappa.jpg 1165w, https:\/\/www.agriturismoalmaste.com\/wp-content\/uploads\/2018\/08\/mappa-300x158.jpg 300w, https:\/\/www.agriturismoalmaste.com\/wp-content\/uploads\/2018\/08\/mappa-768x405.jpg 768w, https:\/\/www.agriturismoalmaste.com\/wp-content\/uploads\/2018\/08\/mappa-1024x540.jpg 1024w\" sizes=\"(max-width: 1165px) 100vw, 1165px\" \/><\/p>\n<p><iframe src=\"https:\/\/maps.google.it\/maps\/ms?msa=0&amp;msid=208099381847387342034.0004d75076aa21498306a&amp;ie=UTF8&amp;t=m&amp;ll=45.283583,9.324646&amp;spn=0.579747,0.881653&amp;z=10&amp;output=embed\" width=\"100%\" height=\"600\" frameborder=\"0\" marginwidth=\"0\" marginheight=\"0\" scrolling=\"no\"><\/iframe><br \/>\n<small>Visualizza <a style=\"color: #0000ff; text-align: left;\" href=\"https:\/\/maps.google.it\/maps\/ms?msa=0&amp;msid=208099381847387342034.0004d75076aa21498306a&amp;ie=UTF8&amp;t=m&amp;ll=45.283583,9.324646&amp;spn=0.579747,0.881653&amp;z=10&amp;source=embed\" target=\"_blank\" rel=\"noopener\">Agriturismo Al Mast\u00e8 a Montu Beccaria<\/a> in una mappa di dimensioni maggiori<\/small><\/p>\n","protected":false},"excerpt":{"rendered":"<p>L&#8217;Agriturismo Al Mast\u00e8 \u00e8 posto nella primissima fascia collinare dell&#8217;Oltrep\u00f2 pavese, nella Frazione Moriano di Mont\u00f9 Beccaria, a pochissimi km. dalla S.S. 45 Padana Inferiore. Per chi arriva da Brescia\/Piacenza, Torino e Genova l&#8217;uscita autostradale \u00e8 quella di Broni Stradella e successivamente seguire le indicazione per S. Maria della Versa&#8230;<\/p>\n","protected":false},"author":1,"featured_media":0,"parent":0,"menu_order":0,"comment_status":"closed","ping_status":"closed","template":"","meta":{"_exactmetrics_skip_tracking":false,"_exactmetrics_sitenote_active":false,"_exactmetrics_sitenote_note":"","_exactmetrics_sitenote_category":0,"footnotes":""},"class_list":["post-114","page","type-page","status-publish","hentry"],"_links":{"self":[{"href":"https:\/\/www.agriturismoalmaste.com\/index.php?rest_route=\/wp\/v2\/pages\/114","targetHints":{"allow":["GET"]}}],"collection":[{"href":"https:\/\/www.agriturismoalmaste.com\/index.php?rest_route=\/wp\/v2\/pages"}],"about":[{"href":"https:\/\/www.agriturismoalmaste.com\/index.php?rest_route=\/wp\/v2\/types\/page"}],"author":[{"embeddable":true,"href":"https:\/\/www.agriturismoalmaste.com\/index.php?rest_route=\/wp\/v2\/users\/1"}],"replies":[{"embeddable":true,"href":"https:\/\/www.agriturismoalmaste.com\/index.php?rest_route=%2Fwp%2Fv2%2Fcomments&post=114"}],"version-history":[{"count":7,"href":"https:\/\/www.agriturismoalmaste.com\/index.php?rest_route=\/wp\/v2\/pages\/114\/revisions"}],"predecessor-version":[{"id":747,"href":"https:\/\/www.agriturismoalmaste.com\/index.php?rest_route=\/wp\/v2\/pages\/114\/revisions\/747"}],"wp:attachment":[{"href":"https:\/\/www.agriturismoalmaste.com\/index.php?rest_route=%2Fwp%2Fv2%2Fmedia&parent=114"}],"curies":[{"name":"wp","href":"https:\/\/api.w.org\/{rel}","templated":true}]}}